tors of 24069665?
5, 41, 117413
What are the prime factors of 116874?
2, 3, 43, 151
List the prime factors of 3092254.
2, 11, 140557
List the prime factors of 347358.
2, 3, 11, 19, 277
List the prime factors of 294404.
2, 11, 6691
What are the prime factors of 611186?
2, 305593
What are the prime factors of 9187620?
2, 3, 5, 13, 11779
List the prime factors of 108097.
11, 31, 317
What are the prime factors of 3521110?
2, 5, 352111
List the prime factors of 221938.
2, 110969
List the prime factors of 6533131.
11, 19, 31259
What are the prime factors of 69538?
2, 7, 4967
What are the prime factors of 817293?
3, 37, 199
List the prime factors of 715220.
2, 5, 11, 3251
What are the prime factors of 183968?
2, 5749
List the prime factors of 3907970.
2, 5, 11, 35527
List the prime factors of 3320673.
3, 1106891
What are the prime factors of 10986171?
3, 7, 349, 1499
What are the prime factors of 3139513?
13, 1429
What are the prime factors of 863302?
2, 11, 39241
List the prime factors of 12978427.
7, 11, 41, 4111
What are the prime factors of 23727?
3, 11, 719
What are the prime factors of 1266454?
2, 7, 12923
What are the prime factors of 21981?
3, 17, 431
What are the prime factors of 165161?
165161
What are the prime factors of 85860?
2, 3, 5, 53
What are the prime factors of 1927430?
2, 5, 192743
What are the prime factors of 11288942?
2, 7, 59, 79, 173
List the prime factors of 1326319.
1326319
List the prime factors of 1107472.
2, 19, 3643
List the prime factors of 6238589.
7, 23, 38749
List the prime factors of 1595300.
2, 5, 7, 43, 53
What are the prime factors of 6463319?
677, 9547
List the prime factors of 9791972.
2, 907, 2699
What are the prime factors of 3120797?
41, 103, 739
What are the prime factors of 206458?
2, 7, 14747
What are the prime factors of 3016581?
3, 1005527
List the prime factors of 19440736.
2, 7, 59, 1471
List the prime factors of 3763212.
2, 3, 53, 61, 97
List the prime factors of 2790619.
13, 214663
What are the prime factors of 638233?
638233
List the prime factors of 996429.
3, 7, 23, 2063
What are the prime factors of 932701?
7, 11, 12113
List the prime factors of 16800538.
2, 8400269
List the prime factors of 889292.
2, 222323
What are the prime factors of 10410311?
73, 142607
List the prime factors of 872882.
2, 17, 25673
What are the prime factors of 14045?
5, 53
What are the prime factors of 1330174?
2, 131, 5077
List the prime factors of 1382874.
2, 3, 230479
List the prime factors of 2475453.
3, 19, 137, 317
List the prime factors of 3285621.
3, 365069
What are the prime factors of 1467010?
2, 5, 146701
What are the prime factors of 23825?
5, 953
List the prime factors of 31702610.
2, 5, 43, 73727
List the prime factors of 18635399.
1777, 10487
List the prime factors of 151680.
2, 3, 5, 79
What are the prime factors of 25089726?
2, 3, 31, 43, 3137
List the prime factors of 131035.
5, 73, 359
List the prime factors of 221677.
221677
List the prime factors of 20605154.
2, 523, 19699
List the prime factors of 2255022.
2, 3, 7, 11, 1627
What are the prime factors of 6545840?
2, 5, 7, 11689
What are the prime factors of 119454?
2, 3, 43, 463
What are the prime factors of 10026728?
2, 463, 2707
List the prime factors of 553687.
553687
List the prime factors of 835762.
2, 417881
What are the prime factors of 165326?
2, 7, 241
List the prime factors of 5627363.
7, 19, 29, 1459
List the prime factors of 143036.
2, 35759
What are the prime factors of 214046?
2, 7, 15289
List the prime factors of 414851.
17, 23, 1061
List the prime factors of 82432.
2, 7, 23
What are the prime factors of 6275060?
2, 5, 11, 2593
What are the prime factors of 985023?
3, 13, 8419
What are the prime factors of 183950?
2, 5, 13, 283
What are the prime factors of 597447?
3, 66383
List the prime factors of 4319770.
2, 5, 7, 13, 47, 101
List the prime factors of 820506.
2, 3, 136751
What are the prime factors of 237397?
47, 5051
List the prime factors of 555276.
2, 3, 46273
What are the prime factors of 3398068?
2, 569, 1493
List the prime factors of 712575.
3, 5, 3167
List the prime factors of 57861.
3, 2143
What are the prime factors of 62874?
2, 3, 7, 499
List the prime factors of 21566119.
21566119
What are the prime factors of 41306?
2, 19, 1087
What are the prime factors of 843993?
3, 31259
What are the prime factors of 273268?
2, 53, 1289
List the prime factors of 22990.
2, 5, 11, 19
List the prime factors of 20954.
2, 10477
What are the prime factors of 105602?
2, 7, 19, 397
List the prime factors of 989897.
23, 193, 223
List the prime factors of 913619.
7, 130517
List the prime factors of 8683638.
2, 3, 1447273
List the prime factors of 1316952.
2, 3, 7, 13, 67
List the prime factors of 1828310.
2, 5, 11, 1511
What are the prime factors of 883092?
2, 3, 7, 10513
What are the prime factors of 460451?
460451
What are the prime factors of 171716?
2, 42929
List the prime factors of 83119.
43, 1933
What are the prime factors of 19791160?
2, 5, 19, 26041
List the prime factors of 7497342.
2, 3, 41, 10159
List the prime factors of 386244.
2, 3, 10729
List the prime factors of 226526.
2, 191, 593
What are the prime factors of 9241?
9241
What are the prime factors of 190617?
3, 7, 29, 313
List the prime factors of 2185007.
11, 198637
List the prime factors of 4651505.
5, 930301
List the prime factors of 423928.
2, 19, 2789
List the prime factors of 125832.
2, 3, 7, 107
List the prime factors of 829521.
3, 7, 11, 19
What are the prime factors of 573460?
2, 5, 53, 541
List the prime factors of 10269452.
2, 2567363
List the prime factors of 439432.
2, 7, 19, 59
What are the prime factors of 158513?
293, 541
List the prime factors of 294553.
7, 29, 1451
What are the prime factors of 433698?
2, 3, 41, 43
What are the prime factors of 5962514?
2, 47, 137, 463
What are the prime factors of 7852599?
3, 290837
What are the prime factors of 809458?
2, 13, 163, 191
What are the prime factors of 102128?
2, 13, 491
List the prime factors of 866904.
2, 3, 41, 881
What are the prime factors of 13381553?
31, 431663
List the prime factors of 635254.
2, 41, 61, 127
What are the prime factors of 53664?
2, 3, 13, 43
What are the prime factors of 347686?
2, 263, 661
List the prime factors of 3402948.
2, 3, 283579
What are the prime factors of 267166?
2, 133583
What are the prime factors of 18355?
5, 3671
List the prime factors of 53134.
2, 31, 857
List the prime factors of 8371760.
2, 5, 227, 461
What are the prime factors of 38157?
3, 7, 23, 79
What are the prime factors of 40878?
2, 3, 757
What are the prime factors of 8277527?
31, 267017
List the prime factors of 2307.
3, 769
What are the prime factors of 10471040?
2, 5, 16361
List the prime factors of 331692.
2, 3, 131, 211
What are the prime factors of 7302894?
2, 3, 17, 71597
What are the prime factors of 1266446?
2, 337, 1879
What are the prime factors of 34528991?
7, 4932713
List the prime factors of 1958634.
2, 3, 19, 23, 83
List the prime factors of 8558020.
2, 5, 263, 1627
List the prime factors of 86268.
2, 3, 7, 13, 79
What are the prime factors of 17411127?
3, 37, 227, 691
What are the prime factors of 11474030?
2, 5, 31, 37013
List the prime factors of 678987.
3, 37, 2039
What are the prime factors of 250243?
7, 5107
What are the prime factors of 1017361?
1017361
What are the prime factors of 82886?
2, 41443
What are the prime factors of 104863?
11, 9533
What are the prime factors of 2858736?
2, 3, 59557
What are the prime factors of 1638505?
5, 11, 31
What are the prime factors of 223738?
2, 111869
What are the prime factors of 1374802?
2, 11, 13, 19, 23
What are the prime factors of 5164134?
2, 3, 860689
What are the prime factors of 5304565?
5, 7, 31, 4889
List the prime factors of 498196.
2, 59, 2111
List the prime factors of 76909.
7, 10987
What are the prime factors of 2759346?
2, 3, 17033
List the prime factors of 15380202.
2, 3, 2563367
What are the prime factors of 1472306?
2, 11, 66923
List the prime factors of 9355012.
2, 857, 2729
What are the prime factors of 46509?
3, 37, 419
List the prime factors of 916903.
13, 251, 281
List the prime factors of 389335.
5, 77867
What are the prime factors of 553675?
5, 22147
List the prime factors of 53800.
2, 5, 269
List the prime factors of 